. Calculate the remainder when (2 - 2) + -2 + 33 is divided by k(3).
9
Let p(i) = 2*i**2 + 3*i - 31. Calculate the remainder when p(-8) is divided by 37.
36
Suppose 11 = -4*l + 155. Calculate the remainder when l is divided by 8.
4
Calculate the remainder when (-100)/(-6) + (-2)/3 is divided by 4.
0
Suppose -3*j = 2*j - 120. Calculate the remainder when j is divided by 10.
4
Suppose 4*p + 68 = -2*h, 4*h = 2*p + 3*h + 30. Let k be (-8 - -33)*p/(-10). Calculate the remainder when 19 is divided by (k/6)/(2/3).
9
Let u(x) = 11*x**2 + 3*x + 3. Let a(l) = 6*l**2 + 2*l + 2. Let c(p) = -5*a(p) + 3*u(p). What is the remainder when (14/(-4))/(2/(-4)) is divided by c(-1)?
1
What is the remainder when 1/1*3*11/3 is divided by 6?
5
Let p = 1 - -17. Calculate the remainder when 50 is divided by p.
14
Suppose -1 - 9 = -2*d. Calculate the remainder when 8 is divided by d.
3
Let l = -22 + 40. Let b = 17 + -7. Calculate the remainder when l is divided by b.
8
Calculate the remainder when (-1 - (-12)/8)*86 is divided by 11.
10
Let c(k) = -k**2 - 4*k. Let m be c(-4). Suppose m = 2*g + g. Suppose g = 3*q - 0*q - 9. Calculate the remainder when 8 is divided by q.
2
Let w(q) = q + 4*q**3 - q**2 + 3*q**3 + q**3. Let l = -23 - -46. What is the remainder when l is divided by w(1)?
7
Suppose -3*j - 3 = -r + 7, 4*r + 4*j - 56 = 0. Let w = 6 - 16. What is the remainder when r is divided by -3 + w/2*-2?
6
Let z(n) = 9*n**2 + 2*n + 1. Let r be z(3). Suppose -a + r = 3*a. Suppose -4*m = -q + a, -3*q = -4*q + m + 13. Calculate the remainder when 18 is divided by q.
8
Suppose -1 = -3*h + 11. Suppose 0 = -4*k + 2*x - 68, k + 62 = -2*k - h*x. Let b = 14 - k. What is the remainder when b is divided by 11?
10
Suppose 0 = 23*l - 27*l + 296. Calculate the remainder when l is divided by 19.
17
Let z(s) = -s - 8. Let q be z(-8). Suppose 4*u - 307 - 125 = q. Suppose -m - u = -5*m. Calculate the remainder when m is divided by 14.
13
Let h = 32 - 18. Calculate the remainder when 26 is divided by h.
12
Suppose 32 = b - 2*j + 6, 5*b - 2*j = 154. Let n = b - 18. Calculate the remainder when 27 is divided by n.
13
Suppose -2*h + 1 + 7 = 0. Suppose -h*t - 6 = -4*p - 50, -3*t = -p - 35. Calculate the remainder when 35 is divided by t.
11
Suppose -2*s + 15 + 19 = 4*f, 4*f - 37 = s. Let r = 16 - f. What is the remainder when 19 is divided by r?
5
Suppose -x + 40 = 6. What is the remainder when x is divided by 13?
8
Let i be 88 - (-3 + 5 + -3). Suppose 48 = v - 0*v - 2*z, -2*v - 3*z = -i. What is the remainder when v is divided by 12?
10
What is the remainder when (4/(-10))/((-10)/950) is divided by 10?
8
Let t = -29 - -41. Suppose t*i - 45 = 7*i. What is the remainder when 26 is divided by i?
8
Let n = 50 + -39. Calculate the remainder when 43 is divided by n.
10
Suppose x - 123 = -2*x. What is the remainder when x is divided by 21?
20
Calculate the remainder when 35 is divided by 4/(-18) + (-498)/(-54).
8
Suppose -2 = -m + 3*c, -2*c + c = 3*m - 56. Calculate the remainder when 67 is divided by m.
16
Suppose -3*y - 4 = 2. Let w = y - 1. Let t = 9 + w. Calculate the remainder when t is divided by 4.
2
What is the remainder when 113 is divided by 36/(-21) + 2 + 393/21?
18
Suppose -4*l + 2*i = -0*l - 262, 253 = 4*l - 5*i. Calculate the remainder when l is divided by 17.
16
Suppose 24 = 4*t - 2*t. Calculate the remainder when t is divided by 1/(-2) - (-22)/4.
2
What is the remainder when 249 is divided by (3 - (-3 - -3))*(-28)/(-3)?
25
Suppose 2*v - 5*a - 18 - 63 = 0, -5*v + a = -191. Suppose -h + v = 16. Calculate the remainder when 85 is divided by h.
19
Suppose 0 = -8*c + 7*c + 95. What is the remainder when c is divided by 12?
11
Suppose 0 = 5*h - 180 + 45. Calculate the remainder when h is divided by 15.
12
Let m(t) = -16*t - 5. What is the remainder when m(-3) is divided by 22?
21
Suppose 0 + 24 = 4*b + 4*f, -4*f + 12 = 0. Suppose 4*a + 60 = b*d, d + 0*d - a - 20 = 0. Calculate the remainder when 59 is divided by d.
19
Let x(v) = v + 3 - 3*v**2 + v**2 + v + 3*v**2. What is the remainder when x(-4) is divided by 4?
3
Let s(j) = -2*j**3 - 39*j**2 - 18*j + 22. Let x = -9 + 17. What is the remainder when x is divided by s(-19)?
2
Calculate the remainder when (-8)/((-1)/(3 + -2)) is divided by ((-3)/12 - -1)*4.
2
Suppose v + 105 = 4*v. Calculate the remainder when 66 is divided by v.
31
Suppose 2*v = -3*r + 54 - 16, 2*v - 4*r - 38 = 0. What is the remainder when 36 is divided by v?
17
Suppose -2*j + 66 = 3*j + 3*v, -j + 27 = -4*v. What is the remainder when 28 is divided by j?
13
Suppose 2*y + 5*c - 10 = 0, 5*y + c = -4*c - 5. Let g(t) = -8*t + 2. Calculate the remainder when (-262)/(-5) - 3/y is divided by g(-2).
17
Suppose s = -7 + 36. What is the remainder when s is divided by 16?
13
Suppose -4*l + 20 = -16. Calculate the remainder when 35 is divided by l.
8
Suppose -4*c + 3 + 1 = 0. What is the remainder when 17 - (3 + (-1)/c) is divided by 6?
3
Let g(q) = -1. Let w(z) = 55*z - 22. Let n(u) = 22*g(u) - w(u). Calculate the remainder when n(-2) is divided by 28.
26
Let b = 23 - -5. What is the remainder when 53 is divided by b?
25
Let m = 149 + -100. What is the remainder when m is divided by 28?
21
What is the remainder when 55 is divided by -3*((-4)/(-7))/((-6)/49)?
13
Suppose 2*r - 3*r = -3*v + 10, -5*v + 4*r + 26 = 0. Let k(q) = -2*q**2 + 6*q**3 + 31*q - 32*q - 3*q**3 + 2. Calculate the remainder when 62 is divided by k(v).
14
Suppose -3*v + 2*c = 5*c - 102, 0 = -c - 5. What is the remainder when v is divided by 14?
11
Let a be 4/(-18) - 34/9. Suppose -8*b + 3*b = -50. What is the remainder when 17 is divided by (-12)/b*30/a?
8
Calculate the remainder when (-234)/(-8) + 5/(-20) is divided by (20/6)/(3/9).
9
Let p = -4 - -2. Let k be -104*(p - (-1 - 2)). Calculate the remainder when 35 is divided by k/(-6) - (-2)/3.
17
Suppose 4*p = q + 102, 5*q + 5 = -5. Let r = -31 - -45. What is the remainder when p is divided by r?
11
Suppose -2*z + 1 = -7. Let d = 33 + -23. Suppose d = z*h - 2. What is the remainder when h is divided by 2?
1
Suppose 3*x - 10 = -2*g, -5*x + g = 4*g - 17. Suppose 0 = 3*d - 3*r - 42, 4*d + r = 3*r + 54. What is the remainder when d is divided by x?
1
Suppose 4 = 3*m - 5*m, -4*l + 94 = -5*m. Let f = -10 - -22. What is the remainder when l is divided by f?
9
Suppose 36 = 5*s - 59. Calculate the remainder when s is divided by 10.
9
Suppose 7*d = 2*d + 45. Let a = 33 + -19. Suppose -5*m + 11 = -a. What is the remainder when d is divided by m?
4
What is the remainder when (-60)/(-9)*(-9)/(-6) is divided by 3?
1
Suppose -5*t + 98 = -352. What is the remainder when t is divided by 23?
21
Let m = -37 + 59. Calculate the remainder when m is divided by 3.
1
Let l(g) = g**3 - g**2 - g + 5. Calculate the remainder when 17 is divided by l(0).
2
Suppose f - 4*c = 66, c = -c + 10. What is the remainder when f is divided by 22?
20
Suppose 3*o + 61 - 378 = -n, 5*o + 5*n - 545 = 0. Suppose -5*q - 34 + o = 0. Calculate the remainder when 26 is divided by q.
12
Let x = -1 - -6. Suppose -c - x = -2*c. Suppose -30 = -4*v + 6. Calculate the remainder when v is divided by c.
4
Let t(w) = 12*w - 22. Calculate the remainder when 50 is divided by t(4).
24
Let c be 2 + 0 - 3*32. What is the remainder when 12 is divided by 4/14 + c/(-14)?
5
Suppose 17*v - 132 = 15*v. What is the remainder when v is divided by 17?
15
Suppose -164 = -5*i - 34. What is the remainder when i is divided by 63/15*(-20)/(-12)?
5
Let a(i) = -i**3 + 7*i**2 - 4*i + 4. What is the remainder when 28 is divided by a(6)?
12
Let r(g) = -g**3 + 7*g**2 + 2*g. Let p be r(7). Let j = p + -7. Calculate the remainder when 25 is divided by j.
4
Suppose -85 + 301 = 4*z. Let x = -8 - -27. What is the remainder when z is divided by x?
16
Let j(a) = 2*a - 8. Let z(q) = -2 - 6*q + 4*q - 2*q. Let y be z(-2). What is the remainder when j(y) is divided by 2?
0
Suppose 85 = 7*i - 2*i. Let v(a) = -2*a - 8. What is the remainder when i is divided by v(-7)?
5
Let w(z) = z**3 + 7*z**2 + 2*z + 6. What is the remainder when w(-5) is divided by (-1771)/(-110) - 2/20?
14
Let a = -10 + 6. What is the remainder when 24 is divided by 10 + 1 + a/(-2)?
11
Suppose -3*p = -0*p - 93. Suppose 4*l - 133 = -37. Suppose f + 2*f = l. Calculate the remainder when p is